 are the prime factors of 468113863?
7, 71, 941879
What are the prime factors of 4394053128?
2, 3, 11701, 15647
What are the prime factors of 68069984?
2, 503, 4229
What are the prime factors of 906152501?
53, 322589
What are the prime factors of 8588974149?
3, 7, 19, 7175417
List the prime factors of 37452756.
2, 3, 11, 167, 1699
List the prime factors of 550963664.
2, 34435229
List the prime factors of 62161267.
7, 479, 18539
What are the prime factors of 75589712?
2, 11, 429487
List the prime factors of 72318551.
1553, 46567
List the prime factors of 686943540.
2, 3, 5, 47, 81199
What are the prime factors of 27224190?
2, 3, 5, 7, 79, 547
What are the prime factors of 2628015497?
131, 20061187
List the prime factors of 745557105.
3, 5, 49703807
List the prime factors of 17613553.
17613553
What are the prime factors of 1525199053?
7, 217885579
What are the prime factors of 946554854?
2, 7, 9658723
List the prime factors of 1752909147.
3, 11, 29, 43, 4733
What are the prime factors of 1171970837?
17, 181, 380881
What are the prime factors of 115482972?
2, 3, 11, 17, 53, 971
What are the prime factors of 543566642?
2, 271783321
List the prime factors of 430821865.
5, 19, 877, 5171
What are the prime factors of 313596818?
2, 1237, 126757
What are the prime factors of 93896423?
17, 19, 290701
What are the prime factors of 564303643?
23, 293, 83737
What are the prime factors of 342838432?
2, 19, 569, 991
What are the prime factors of 140092613?
41, 3416893
What are the prime factors of 104276839?
31, 3363769
List the prime factors of 55223170.
2, 5, 1531, 3607
List the prime factors of 1488815904.
2, 3, 1951, 7949
List the prime factors of 7004599.
7, 163, 877
List the prime factors of 74742701.
11, 37, 227, 809
What are the prime factors of 873917213?
13, 571, 117731
What are the prime factors of 60222686?
2, 41, 734423
What are the prime factors of 286522027?
11, 859, 30323
What are the prime factors of 52032320?
2, 5, 162601
What are the prime factors of 210752252?
2, 67, 643, 1223
What are the prime factors of 3329697821?
37, 89991833
What are the prime factors of 51177046?
2, 25588523
What are the prime factors of 251764298?
2, 73, 1724413
What are the prime factors of 451046890?
2, 5, 7, 17, 19, 19949
List the prime factors of 243439845.
3, 5, 11, 757, 1949
What are the prime factors of 555720912?
2, 3, 428797
What are the prime factors of 29409024?
2, 3, 149, 257
What are the prime factors of 33631635?
3, 5, 23, 71, 1373
What are the prime factors of 1450584825?
3, 5, 53, 73, 4999
List the prime factors of 6085518705.
3, 5, 7, 31, 193, 3229
List the prime factors of 12969460.
2, 5, 7, 92639
What are the prime factors of 42882353?
53, 809101
What are the prime factors of 81721677?
3, 27240559
List the prime factors of 19583710.
2, 5, 73, 139, 193
List the prime factors of 497194865.
5, 463, 214771
List the prime factors of 184752446.
2, 29, 137, 23251
What are the prime factors of 211433849?
11, 947, 20297
What are the prime factors of 6080559669?
3, 675617741
What are the prime factors of 195864041?
195864041
What are the prime factors of 1180608950?
2, 5, 37, 149, 4283
What are the prime factors of 56596378?
2, 571, 49559
What are the prime factors of 317025163?
7, 13, 17, 101, 2029
List the prime factors of 100997510.
2, 5, 17, 594103
List the prime factors of 5498550107.
5498550107
What are the prime factors of 683098818?
2, 3, 113849803
What are the prime factors of 126884536?
2, 97, 113, 1447
What are the prime factors of 252738705?
3, 5, 419, 40213
List the prime factors of 119676617.
17, 47, 101, 1483
List the prime factors of 2534670548.
2, 101, 6273937
What are the prime factors of 36798050?
2, 5, 83, 8867
List the prime factors of 154529506.
2, 77264753
What are the prime factors of 194022023?
13, 14924771
List the prime factors of 148889251.
7, 101, 197, 1069
What are the prime factors of 773571402?
2, 3, 47, 829, 1103
List the prime factors of 51623736.
2, 3, 43, 50023
List the prime factors of 16856131.
16856131
What are the prime factors of 900714374?
2, 7, 9190963
What are the prime factors of 29219238?
2, 3, 541097
List the prime factors of 77001893.
77001893
What are the prime factors of 3033043938?
2, 3, 29, 101, 57529
List the prime factors of 470567336.
2, 3533, 16649
List the prime factors of 348096513.
3, 23, 5044877
List the prime factors of 616560231.
3, 7, 29360011
List the prime factors of 309766770.
2, 3, 5, 719, 4787
List the prime factors of 1758536342.
2, 43, 229, 89293
What are the prime factors of 2337595932?
2, 3, 7, 739, 37657
What are the prime factors of 626242858?
2, 773, 405073
List the prime factors of 6622940254.
2, 7, 31, 2180033
What are the prime factors of 1597224020?
2, 5, 7, 11408743
List the prime factors of 55408205.
5, 11081641
List the prime factors of 459442081.
7, 1613, 5813
List the prime factors of 142941387.
3, 89, 535361
What are the prime factors of 1577469449?
5351, 294799
What are the prime factors of 336869854?
2, 168434927
List the prime factors of 191549994.
2, 3, 31924999
List the prime factors of 152260094.
2, 7, 10875721
List the prime factors of 2680977184.
2, 251, 333787
What are the prime factors of 7806621?
3, 17, 153071
List the prime factors of 2442035655.
3, 5, 113, 160081
List the prime factors of 265432268.
2, 53, 59, 21221
What are the prime factors of 81433231?
11, 61, 157, 773
List the prime factors of 4702789517.
4702789517
List the prime factors of 89339790.
2, 3, 5, 181, 16453
What are the prime factors of 227241443?
11, 13, 313, 5077
What are the prime factors of 961318569?
3, 320439523
What are the prime factors of 1087357363?
127, 8561869
What are the prime factors of 5903093152?
2, 11, 23, 103, 7079
List the prime factors of 3590590289.
11, 13, 3019, 8317
What are the prime factors of 215090970?
2, 3, 5, 17, 29, 14543
What are the prime factors of 130042438?
2, 29, 2242111
List the prime factors of 52570985.
5, 23, 457139
List the prime factors of 74408084.
2, 29, 233, 2753
List the prime factors of 208074326.
2, 104037163
What are the prime factors of 188730714?
2, 3, 31455119
What are the prime factors of 3739391477?
44533, 83969
What are the prime factors of 173379072?
2, 3, 112877
List the prime factors of 239286198.
2, 3, 379, 105227
List the prime factors of 739665831.
3, 59, 4178903
List the prime factors of 504842499.
3, 7, 8013373
What are the prime factors of 1017834277?
881, 1155317
What are the prime factors of 4519481029?
7, 821, 786407
List the prime factors of 638985873.
3, 10463, 20357
List the prime factors of 43916034.
2, 3, 29, 252391
List the prime factors of 1534201432.
2, 191775179
What are the prime factors of 9633438388?
2, 7, 344051371
What are the prime factors of 38922993?
3, 89, 48593
List the prime factors of 1888519860.
2, 3, 5, 41, 28433
List the prime factors of 376023927.
3, 19, 6596911
What are the prime factors of 180515177?
383, 643, 733
What are the prime factors of 541724311?
223, 2429257
What are the prime factors of 20883048?
2, 3, 870127
What are the prime factors of 3386791045?
5, 11, 61578019
What are the prime factors of 276345665?
5, 47, 1175939
List the prime factors of 221463393.
3, 5693, 12967
List the prime factors of 95264619.
3, 31754873
List the prime factors of 100559752.
2, 12569969
What are the prime factors of 504090591?
3, 43, 1039, 3761
What are the prime factors of 2394134107?
521, 991, 4637
What are the prime factors of 499096509?
3, 149, 1116547
List the prime factors of 355171658.
2, 23, 37, 43, 211
What are the prime factors of 1594371?
3, 531457
What are the prime factors of 117906826?
2, 31, 73, 109, 239
What are the prime factors of 833042623?
7, 119006089
List the prime factors of 314933257.
241, 1306777
List the prime factors of 5739288607.
13, 17167, 25717
List the prime factors of 147549398.
2, 31, 743, 3203
What are the prime factors of 2826682871?
17, 337, 493399
What are the prime factors of 32159073?
3, 10719691
List the prime factors of 1770055427.
7, 83, 227, 13421
List the prime factors of 63067918.
2, 31533959
What are the prime factors of 11073518?
2, 797, 6947
List the prime factors of 9962740.
2, 5, 59, 8443
What are the prime factors of 4306275544?
2, 281, 991, 1933
What 